{"id":79,"date":"2023-04-11T11:08:38","date_gmt":"2023-04-11T11:08:38","guid":{"rendered":"https:\/\/elementor.studiomicroads.pl\/?page_id=79"},"modified":"2023-04-12T09:28:35","modified_gmt":"2023-04-12T09:28:35","slug":"przewoz-paczek-polska-anglia","status":"publish","type":"page","link":"https:\/\/locobus.pl\/?page_id=79","title":{"rendered":"Przew\u00f3z paczek Polska Anglia"},"content":{"rendered":"\t\t<div data-elementor-type=\"wp-page\" data-elementor-id=\"79\" class=\"elementor elementor-79\" data-elementor-post-type=\"page\">\n\t\t\t\t\t\t<section class=\"elementor-section elementor-top-section elementor-element elementor-element-5cc4d874 elementor-section-height-min-height elementor-section-content-middle elementor-section-boxed elementor-section-height-default elementor-section-items-middle\" data-id=\"5cc4d874\" data-element_type=\"section\" data-e-type=\"section\" data-settings=\"{&quot;background_background&quot;:&quot;classic&quot;}\">\n\t\t\t\t\t\t<div class=\"elementor-container elementor-column-gap-default\">\n\t\t\t\t\t<div class=\"elementor-column elementor-col-100 elementor-top-column elementor-element elementor-element-681e9b84\" data-id=\"681e9b84\" data-element_type=\"column\" data-e-type=\"column\">\n\t\t\t<div class=\"elementor-widget-wrap elementor-element-populated\">\n\t\t\t\t\t\t<div class=\"elementor-element elementor-element-26b4a138 elementor-align-center elementor-widget elementor-widget-breadcrumbs\" data-id=\"26b4a138\" data-element_type=\"widget\" data-e-type=\"widget\" data-widget_type=\"breadcrumbs.default\">\n\t\t\t\t<div class=\"elementor-widget-container\">\n\t\t\t\t\t<p id=\"breadcrumbs\"><span><span><a href=\"https:\/\/locobus.pl\/\">Strona g\u0142\u00f3wna<\/a><\/span><\/span><\/p>\t\t\t\t<\/div>\n\t\t\t\t<\/div>\n\t\t\t\t\t<\/div>\n\t\t<\/div>\n\t\t\t\t\t<\/div>\n\t\t<\/section>\n\t\t\t\t<section class=\"elementor-section elementor-top-section elementor-element elementor-element-20cc7e30 elementor-section-boxed elementor-section-height-default elementor-section-height-default\" data-id=\"20cc7e30\" data-element_type=\"section\" data-e-type=\"section\">\n\t\t\t\t\t\t<div class=\"elementor-container elementor-column-gap-default\">\n\t\t\t\t\t<div class=\"elementor-column elementor-col-50 elementor-top-column elementor-element elementor-element-18a62194\" data-id=\"18a62194\" data-element_type=\"column\" data-e-type=\"column\">\n\t\t\t<div class=\"elementor-widget-wrap elementor-element-populated\">\n\t\t\t\t\t\t<div class=\"elementor-element elementor-element-165434c7 elementor-widget elementor-widget-heading\" data-id=\"165434c7\" data-element_type=\"widget\" data-e-type=\"widget\" data-widget_type=\"heading.default\">\n\t\t\t\t<div class=\"elementor-widget-container\">\n\t\t\t\t\t<h2 class=\"elementor-heading-title elementor-size-default\">Przew\u00f3z paczek Polska Anglia<\/h2>\t\t\t\t<\/div>\n\t\t\t\t<\/div>\n\t\t\t\t<div class=\"elementor-element elementor-element-63d4bf0a elementor-widget elementor-widget-text-editor\" data-id=\"63d4bf0a\" data-element_type=\"widget\" data-e-type=\"widget\" data-widget_type=\"text-editor.default\">\n\t\t\t\t<div class=\"elementor-widget-container\">\n\t\t\t\t\t\t\t\t\t<p>Je\u015bli potrzebujesz przewie\u017a\u0107 paczki z Polski do Anglii, to trafili\u015bcie na w\u0142a\u015bciw\u0105 stron\u0119! Nasza firma oferuje kompleksowe us\u0142ugi transportowe, w tym przew\u00f3z paczek z Polski do Anglii. Dzi\u0119ki naszym do\u015bwiadczonym kierowcom oraz nowoczesnym pojazdom, mo\u017cemy zapewni\u0107 szybki, bezpieczny i terminowy transport Twoich przesy\u0142ek.<\/p>\t\t\t\t\t\t\t\t<\/div>\n\t\t\t\t<\/div>\n\t\t\t\t\t<\/div>\n\t\t<\/div>\n\t\t\t\t<div class=\"elementor-column elementor-col-50 elementor-top-column elementor-element elementor-element-680bc907\" data-id=\"680bc907\" data-element_type=\"column\" data-e-type=\"column\">\n\t\t\t<div class=\"elementor-widget-wrap elementor-element-populated\">\n\t\t\t\t\t\t<div class=\"elementor-element elementor-element-406fa5e5 elementor-widget elementor-widget-image\" data-id=\"406fa5e5\" data-element_type=\"widget\" data-e-type=\"widget\" data-widget_type=\"image.default\">\n\t\t\t\t<div class=\"elementor-widget-container\">\n\t\t\t\t\t\t\t\t\t\t\t\t\t\t\t<img fetchpriority=\"high\" decoding=\"async\" width=\"800\" height=\"534\" src=\"https:\/\/locobus.pl\/wp-content\/uploads\/2023\/04\/pexels-karolina-grabowska-4506249-1024x683.jpg\" class=\"attachment-large size-large wp-image-129\" alt=\"\" srcset=\"https:\/\/locobus.pl\/wp-content\/uploads\/2023\/04\/pexels-karolina-grabowska-4506249-1024x683.jpg 1024w, https:\/\/locobus.pl\/wp-content\/uploads\/2023\/04\/pexels-karolina-grabowska-4506249-300x200.jpg 300w, https:\/\/locobus.pl\/wp-content\/uploads\/2023\/04\/pexels-karolina-grabowska-4506249-768x512.jpg 768w, https:\/\/locobus.pl\/wp-content\/uploads\/2023\/04\/pexels-karolina-grabowska-4506249-1536x1024.jpg 1536w\" sizes=\"(max-width: 800px) 100vw, 800px\" \/>\t\t\t\t\t\t\t\t\t\t\t\t\t\t\t<\/div>\n\t\t\t\t<\/div>\n\t\t\t\t\t<\/div>\n\t\t<\/div>\n\t\t\t\t\t<\/div>\n\t\t<\/section>\n\t\t\t\t<section class=\"elementor-section elementor-top-section elementor-element elementor-element-4b7e41d3 elementor-section-boxed elementor-section-height-default elementor-section-height-default\" data-id=\"4b7e41d3\" data-element_type=\"section\" data-e-type=\"section\">\n\t\t\t\t\t\t<div class=\"elementor-container elementor-column-gap-default\">\n\t\t\t\t\t<div class=\"elementor-column elementor-col-50 elementor-top-column elementor-element elementor-element-52036786\" data-id=\"52036786\" data-element_type=\"column\" data-e-type=\"column\">\n\t\t\t<div class=\"elementor-widget-wrap elementor-element-populated\">\n\t\t\t\t\t\t<div class=\"elementor-element elementor-element-160ecb3a elementor-widget elementor-widget-heading\" data-id=\"160ecb3a\" data-element_type=\"widget\" data-e-type=\"widget\" data-widget_type=\"heading.default\">\n\t\t\t\t<div class=\"elementor-widget-container\">\n\t\t\t\t\t<h2 class=\"elementor-heading-title elementor-size-default\">Przew\u00f3z paczek Polska Anglia - dlaczego warto skorzysta\u0107 z naszych us\u0142ug?<\/h2>\t\t\t\t<\/div>\n\t\t\t\t<\/div>\n\t\t\t\t\t<\/div>\n\t\t<\/div>\n\t\t\t\t<div class=\"elementor-column elementor-col-50 elementor-top-column elementor-element elementor-element-7ca119fa\" data-id=\"7ca119fa\" data-element_type=\"column\" data-e-type=\"column\">\n\t\t\t<div class=\"elementor-widget-wrap\">\n\t\t\t\t\t\t\t<\/div>\n\t\t<\/div>\n\t\t\t\t\t<\/div>\n\t\t<\/section>\n\t\t\t\t<section class=\"elementor-section elementor-top-section elementor-element elementor-element-9126fe4 elementor-section-boxed elementor-section-height-default elementor-section-height-default\" data-id=\"9126fe4\" data-element_type=\"section\" data-e-type=\"section\">\n\t\t\t\t\t\t<div class=\"elementor-container elementor-column-gap-default\">\n\t\t\t\t\t<div class=\"elementor-column elementor-col-25 elementor-top-column elementor-element elementor-element-377025b\" data-id=\"377025b\" data-element_type=\"column\" data-e-type=\"column\">\n\t\t\t<div class=\"elementor-widget-wrap elementor-element-populated\">\n\t\t\t\t\t\t<div class=\"elementor-element elementor-element-4f9a9e06 elementor-widget elementor-widget-text-editor\" data-id=\"4f9a9e06\" data-element_type=\"widget\" data-e-type=\"widget\" data-widget_type=\"text-editor.default\">\n\t\t\t\t<div class=\"elementor-widget-container\">\n\t\t\t\t\t\t\t\t\t<p><b>Do\u015bwiadczenie i zaanga\u017cowanie<\/b><\/p><p><b><br \/><\/b>Jeste\u015bmy firm\u0105 z wieloletnim do\u015bwiadczeniem w bran\u017cy transportowej. Nasz zesp\u00f3\u0142 sk\u0142ada si\u0119 z wykwalifikowanych kierowc\u00f3w, kt\u00f3rzy posiadaj\u0105 wszelkie niezb\u0119dne uprawnienia oraz doskona\u0142\u0105 znajomo\u015b\u0107 dr\u00f3g i przepis\u00f3w. Dzi\u0119ki temu mo\u017cemy zapewni\u0107 naszym klientom kompleksow\u0105 obs\u0142ug\u0119 i profesjonalizm na najwy\u017cszym poziomie.<\/p>\t\t\t\t\t\t\t\t<\/div>\n\t\t\t\t<\/div>\n\t\t\t\t\t<\/div>\n\t\t<\/div>\n\t\t\t\t<div class=\"elementor-column elementor-col-25 elementor-top-column elementor-element elementor-element-c36597e\" data-id=\"c36597e\" data-element_type=\"column\" data-e-type=\"column\">\n\t\t\t<div class=\"elementor-widget-wrap elementor-element-populated\">\n\t\t\t\t\t\t<div class=\"elementor-element elementor-element-f40e101 elementor-widget elementor-widget-text-editor\" data-id=\"f40e101\" data-element_type=\"widget\" data-e-type=\"widget\" data-widget_type=\"text-editor.default\">\n\t\t\t\t<div class=\"elementor-widget-container\">\n\t\t\t\t\t\t\t\t\t<p><b>Bezpiecze\u0144stwo przesy\u0142ek<\/b><\/p><p><b><br \/><\/b>Wiemy, jak wa\u017cne dla naszych klient\u00f3w jest bezpiecze\u0144stwo przesy\u0142ek. Dlatego wszystkie paczki, kt\u00f3re przewozimy, s\u0105 dok\u0142adnie pakowane i zabezpieczane przed uszkodzeniami. Nasze pojazdy s\u0105 wyposa\u017cone w systemy pozwalaj\u0105ce na stabilny i bezpieczny transport Twoich paczek.<\/p>\t\t\t\t\t\t\t\t<\/div>\n\t\t\t\t<\/div>\n\t\t\t\t\t<\/div>\n\t\t<\/div>\n\t\t\t\t<div class=\"elementor-column elementor-col-25 elementor-top-column elementor-element elementor-element-ff3d8a3\" data-id=\"ff3d8a3\" data-element_type=\"column\" data-e-type=\"column\">\n\t\t\t<div class=\"elementor-widget-wrap elementor-element-populated\">\n\t\t\t\t\t\t<div class=\"elementor-element elementor-element-4bd7656 elementor-widget elementor-widget-text-editor\" data-id=\"4bd7656\" data-element_type=\"widget\" data-e-type=\"widget\" data-widget_type=\"text-editor.default\">\n\t\t\t\t<div class=\"elementor-widget-container\">\n\t\t\t\t\t\t\t\t\t<p><b>Szybko\u015b\u0107 i terminowo\u015b\u0107<\/b><\/p><p><b><br \/><\/b>Dzi\u0119ki naszej floty nowoczesnych pojazd\u00f3w, mo\u017cemy zapewni\u0107 szybki przew\u00f3z Twoich przesy\u0142ek. Dbamy o to, aby paczki dociera\u0142y do celu w najkr\u00f3tszym mo\u017cliwym czasie, a nasi kierowcy zawsze dotrzymuj\u0105 ustalonych termin\u00f3w.<\/p>\t\t\t\t\t\t\t\t<\/div>\n\t\t\t\t<\/div>\n\t\t\t\t\t<\/div>\n\t\t<\/div>\n\t\t\t\t<div class=\"elementor-column elementor-col-25 elementor-top-column elementor-element elementor-element-649972c\" data-id=\"649972c\" data-element_type=\"column\" data-e-type=\"column\">\n\t\t\t<div class=\"elementor-widget-wrap elementor-element-populated\">\n\t\t\t\t\t\t<div class=\"elementor-element elementor-element-e7888cc elementor-widget elementor-widget-text-editor\" data-id=\"e7888cc\" data-element_type=\"widget\" data-e-type=\"widget\" data-widget_type=\"text-editor.default\">\n\t\t\t\t<div class=\"elementor-widget-container\">\n\t\t\t\t\t\t\t\t\t<p><b>Konkurencyjne ceny<\/b><\/p><p><b><br \/><\/b>Ceny za przew\u00f3z paczek z Polski do Anglii s\u0105 uzale\u017cnione od wielu czynnik\u00f3w, takich jak rozmiar paczki, odleg\u0142o\u015b\u0107 i czas dostawy. Jeste\u015bmy przekonani, \u017ce nasza oferta jest jedn\u0105 z najbardziej konkurencyjnych na rynku. Wszystkie koszty s\u0105 przedstawione w spos\u00f3b przejrzysty i zrozumia\u0142y dla naszych klient\u00f3w.<\/p>\t\t\t\t\t\t\t\t<\/div>\n\t\t\t\t<\/div>\n\t\t\t\t\t<\/div>\n\t\t<\/div>\n\t\t\t\t\t<\/div>\n\t\t<\/section>\n\t\t\t\t<section class=\"elementor-section elementor-top-section elementor-element elementor-element-fb8ee6b elementor-section-boxed elementor-section-height-default elementor-section-height-default\" data-id=\"fb8ee6b\" data-element_type=\"section\" data-e-type=\"section\" data-settings=\"{&quot;background_background&quot;:&quot;classic&quot;}\">\n\t\t\t\t\t\t\t<div class=\"elementor-background-overlay\"><\/div>\n\t\t\t\t\t\t\t<div class=\"elementor-container elementor-column-gap-default\">\n\t\t\t\t\t<div class=\"elementor-column elementor-col-100 elementor-top-column elementor-element elementor-element-781f69d3\" data-id=\"781f69d3\" data-element_type=\"column\" data-e-type=\"column\">\n\t\t\t<div class=\"elementor-widget-wrap elementor-element-populated\">\n\t\t\t\t\t\t<div class=\"elementor-element elementor-element-188a20e5 elementor-widget-divider--view-line elementor-widget elementor-widget-divider\" data-id=\"188a20e5\" data-element_type=\"widget\" data-e-type=\"widget\" data-widget_type=\"divider.default\">\n\t\t\t\t<div class=\"elementor-widget-container\">\n\t\t\t\t\t\t\t<div class=\"elementor-divider\">\n\t\t\t<span class=\"elementor-divider-separator\">\n\t\t\t\t\t\t<\/span>\n\t\t<\/div>\n\t\t\t\t\t\t<\/div>\n\t\t\t\t<\/div>\n\t\t\t\t<div class=\"elementor-element elementor-element-685d103e tekst elementor-widget elementor-widget-text-editor\" data-id=\"685d103e\" data-element_type=\"widget\" data-e-type=\"widget\" data-widget_type=\"text-editor.default\">\n\t\t\t\t<div class=\"elementor-widget-container\">\n\t\t\t\t\t\t\t\t\t<p>Oferujemy mo\u017cliwo\u015b\u0107 zam\u00f3wienia kursu przez telefon&nbsp;<a href=\"http:\/\/tel:+48667180535\" target=\"_blank\"><b>667-180-535<\/b><\/a>, poprzez wys\u0142anie kr\u00f3tkiej wiadomo\u015bci <b>SMS <\/b>lub przez <b>internet<\/b>.<\/p>\t\t\t\t\t\t\t\t<\/div>\n\t\t\t\t<\/div>\n\t\t\t\t<div class=\"elementor-element elementor-element-153ad2a1 elementor-widget-divider--view-line elementor-widget elementor-widget-divider\" data-id=\"153ad2a1\" data-element_type=\"widget\" data-e-type=\"widget\" data-widget_type=\"divider.default\">\n\t\t\t\t<div class=\"elementor-widget-container\">\n\t\t\t\t\t\t\t<div class=\"elementor-divider\">\n\t\t\t<span class=\"elementor-divider-separator\">\n\t\t\t\t\t\t<\/span>\n\t\t<\/div>\n\t\t\t\t\t\t<\/div>\n\t\t\t\t<\/div>\n\t\t\t\t\t<\/div>\n\t\t<\/div>\n\t\t\t\t\t<\/div>\n\t\t<\/section>\n\t\t\t\t<section class=\"elementor-section elementor-top-section elementor-element elementor-element-43643b7d elementor-section-boxed elementor-section-height-default elementor-section-height-default\" data-id=\"43643b7d\" data-element_type=\"section\" data-e-type=\"section\">\n\t\t\t\t\t\t<div class=\"elementor-container elementor-column-gap-default\">\n\t\t\t\t\t<div class=\"elementor-column elementor-col-100 elementor-top-column elementor-element elementor-element-2b746686\" data-id=\"2b746686\" data-element_type=\"column\" data-e-type=\"column\">\n\t\t\t<div class=\"elementor-widget-wrap elementor-element-populated\">\n\t\t\t\t\t\t<div class=\"elementor-element elementor-element-50e151a elementor-widget elementor-widget-heading\" data-id=\"50e151a\" data-element_type=\"widget\" data-e-type=\"widget\" data-widget_type=\"heading.default\">\n\t\t\t\t<div class=\"elementor-widget-container\">\n\t\t\t\t\t<h2 class=\"elementor-heading-title elementor-size-default\">Przew\u00f3z paczek Polska Anglia - jakie paczki przewozimy?<\/h2>\t\t\t\t<\/div>\n\t\t\t\t<\/div>\n\t\t\t\t<div class=\"elementor-element elementor-element-297533b9 elementor-widget elementor-widget-text-editor\" data-id=\"297533b9\" data-element_type=\"widget\" data-e-type=\"widget\" data-widget_type=\"text-editor.default\">\n\t\t\t\t<div class=\"elementor-widget-container\">\n\t\t\t\t\t\t\t\t\t<p>Nasza firma specjalizuje si\u0119 w przewozie paczek o r\u00f3\u017cnych gabarytach i wadze. Oferujemy przew\u00f3z paczek indywidualnych, jak i przesy\u0142ek firmowych. Wszystkie paczki s\u0105 dok\u0142adnie sprawdzane pod k\u0105tem zgodno\u015bci z przepisami i bezpiecze\u0144stwem transportu.<\/p><p>Ka\u017cda firma, kt\u00f3ra potrzebuje przewie\u017a\u0107 paczki mi\u0119dzy Polsk\u0105 a Angli\u0105, potrzebuje solidnego i niezawodnego przewo\u017anika. Nasza firma oferuje us\u0142ugi przewozu paczek Polska Anglia, kt\u00f3re s\u0105 dopasowane do potrzeb ka\u017cdego klienta. Niezale\u017cnie od tego, czy potrzebujesz przewie\u017a\u0107 ma\u0142\u0105 paczk\u0119 czy wi\u0119ksze \u0142adunki, zapewniamy wysokiej jako\u015bci us\u0142ugi.<\/p><p>Nasze busy do Anglii z Polski s\u0105 specjalnie przystosowane do przewozu paczek. Maj\u0105 one du\u017ce baga\u017cniki, kt\u00f3re pozwalaj\u0105 na przew\u00f3z wi\u0119kszej ilo\u015bci baga\u017cu ni\u017c w przypadku standardowych samochod\u00f3w. Nasze busy s\u0105 r\u00f3wnie\u017c wyposa\u017cone w nowoczesne systemy GPS, dzi\u0119ki czemu mo\u017cemy \u015bledzi\u0107 nasze pojazdy w czasie rzeczywistym i zapewni\u0107, \u017ce Twoja paczka dotrze na czas.<\/p><p>Jako firma zajmuj\u0105ca si\u0119 przewozem paczek Polska Anglia, zapewniamy r\u00f3wnie\u017c odpowiednie zabezpieczenie Twojego towaru podczas transportu. Nasze busy s\u0105 wyposa\u017cone w specjalne systemy mocowania, kt\u00f3re zapobiegaj\u0105 przemieszczaniu si\u0119 paczek podczas jazdy. Dodatkowo, nasza flota jest obj\u0119ta ubezpieczeniem, co daje Ci pewno\u015b\u0107, \u017ce Twoja paczka jest bezpieczna podczas przewozu.<\/p><p>Podsumowuj\u0105c, nasza firma to solidny i niezawodny partner do przewozu paczek Polska Anglia. Posiadamy do\u015bwiadczenie, wiedz\u0119 i odpowiednie zaplecze, aby dostarczy\u0107 Twoje paczki na czas i w bezpieczny spos\u00f3b. Kontaktuj si\u0119 z nami ju\u017c dzi\u015b, aby dowiedzie\u0107 si\u0119 wi\u0119cej o naszych us\u0142ugach i skorzysta\u0107 z najlepszych rozwi\u0105za\u0144 dla Twojej firmy.<\/p>\t\t\t\t\t\t\t\t<\/div>\n\t\t\t\t<\/div>\n\t\t\t\t\t<\/div>\n\t\t<\/div>\n\t\t\t\t\t<\/div>\n\t\t<\/section>\n\t\t\t\t<\/div>\n\t\t","protected":false},"excerpt":{"rendered":"<p>Przew\u00f3z paczek Polska Anglia Je\u015bli potrzebujesz przewie\u017a\u0107 paczki z Polski do Anglii, to trafili\u015bcie na w\u0142a\u015bciw\u0105 stron\u0119! Nasza firma oferuje kompleksowe us\u0142ugi transportowe, w tym przew\u00f3z paczek z Polski do Anglii. Dzi\u0119ki naszym do\u015bwiadczonym kierowcom oraz nowoczesnym pojazdom, mo\u017cemy zapewni\u0107 szybki, bezpieczny i terminowy transport Twoich przesy\u0142ek. Przew\u00f3z paczek Polska Anglia &#8211; dlaczego warto skorzysta\u0107 [&hellip;]<\/p>\n","protected":false},"author":1,"featured_media":0,"parent":0,"menu_order":0,"comment_status":"closed","ping_status":"closed","template":"elementor_header_footer","meta":{"footnotes":""},"class_list":["post-79","page","type-page","status-publish","hentry"],"yoast_head":"<!-- This site is optimized with the Yoast SEO plugin v27.4 - https:\/\/yoast.com\/product\/yoast-seo-wordpress\/ -->\n<title>Przew\u00f3z paczek Polska Anglia - LOCOBUS MI\u0118DZYNARODOWE PRZEWOZY PASA\u017bERSKIE<\/title>\n<meta name=\"robots\" content=\"index, follow, max-snippet:-1, max-image-preview:large, max-video-preview:-1\" \/>\n<link rel=\"canonical\" href=\"https:\/\/locobus.pl\/?page_id=79\" \/>\n<meta property=\"og:locale\" content=\"pl_PL\" \/>\n<meta property=\"og:type\" content=\"article\" \/>\n<meta property=\"og:title\" content=\"Przew\u00f3z paczek Polska Anglia - LOCOBUS MI\u0118DZYNARODOWE PRZEWOZY PASA\u017bERSKIE\" \/>\n<meta property=\"og:description\" content=\"Przew\u00f3z paczek Polska Anglia Je\u015bli potrzebujesz przewie\u017a\u0107 paczki z Polski do Anglii, to trafili\u015bcie na w\u0142a\u015bciw\u0105 stron\u0119! Nasza firma oferuje kompleksowe us\u0142ugi transportowe, w tym przew\u00f3z paczek z Polski do Anglii. Dzi\u0119ki naszym do\u015bwiadczonym kierowcom oraz nowoczesnym pojazdom, mo\u017cemy zapewni\u0107 szybki, bezpieczny i terminowy transport Twoich przesy\u0142ek. Przew\u00f3z paczek Polska Anglia &#8211; dlaczego warto skorzysta\u0107 [&hellip;]\" \/>\n<meta property=\"og:url\" content=\"https:\/\/locobus.pl\/?page_id=79\" \/>\n<meta property=\"og:site_name\" content=\"LOCOBUS MI\u0118DZYNARODOWE PRZEWOZY PASA\u017bERSKIE\" \/>\n<meta property=\"article:modified_time\" content=\"2023-04-12T09:28:35+00:00\" \/>\n<meta property=\"og:image\" content=\"https:\/\/elementor.studiomicroads.pl\/wp-content\/uploads\/2023\/04\/pexels-karolina-grabowska-4506249-1024x683.jpg\" \/>\n<meta name=\"twitter:card\" content=\"summary_large_image\" \/>\n<meta name=\"twitter:label1\" content=\"Szacowany czas czytania\" \/>\n\t<meta name=\"twitter:data1\" content=\"4 minuty\" \/>\n<script type=\"application\/ld+json\" class=\"yoast-schema-graph\">{\"@context\":\"https:\\\/\\\/schema.org\",\"@graph\":[{\"@type\":\"WebPage\",\"@id\":\"https:\\\/\\\/locobus.pl\\\/?page_id=79\",\"url\":\"https:\\\/\\\/locobus.pl\\\/?page_id=79\",\"name\":\"Przew\u00f3z paczek Polska Anglia - LOCOBUS MI\u0118DZYNARODOWE PRZEWOZY PASA\u017bERSKIE\",\"isPartOf\":{\"@id\":\"https:\\\/\\\/locobus.pl\\\/#website\"},\"primaryImageOfPage\":{\"@id\":\"https:\\\/\\\/locobus.pl\\\/?page_id=79#primaryimage\"},\"image\":{\"@id\":\"https:\\\/\\\/locobus.pl\\\/?page_id=79#primaryimage\"},\"thumbnailUrl\":\"https:\\\/\\\/elementor.studiomicroads.pl\\\/wp-content\\\/uploads\\\/2023\\\/04\\\/pexels-karolina-grabowska-4506249-1024x683.jpg\",\"datePublished\":\"2023-04-11T11:08:38+00:00\",\"dateModified\":\"2023-04-12T09:28:35+00:00\",\"breadcrumb\":{\"@id\":\"https:\\\/\\\/locobus.pl\\\/?page_id=79#breadcrumb\"},\"inLanguage\":\"pl-PL\",\"potentialAction\":[{\"@type\":\"ReadAction\",\"target\":[\"https:\\\/\\\/locobus.pl\\\/?page_id=79\"]}]},{\"@type\":\"ImageObject\",\"inLanguage\":\"pl-PL\",\"@id\":\"https:\\\/\\\/locobus.pl\\\/?page_id=79#primaryimage\",\"url\":\"https:\\\/\\\/elementor.studiomicroads.pl\\\/wp-content\\\/uploads\\\/2023\\\/04\\\/pexels-karolina-grabowska-4506249-1024x683.jpg\",\"contentUrl\":\"https:\\\/\\\/elementor.studiomicroads.pl\\\/wp-content\\\/uploads\\\/2023\\\/04\\\/pexels-karolina-grabowska-4506249-1024x683.jpg\"},{\"@type\":\"BreadcrumbList\",\"@id\":\"https:\\\/\\\/locobus.pl\\\/?page_id=79#breadcrumb\",\"itemListElement\":[{\"@type\":\"ListItem\",\"position\":1,\"name\":\"Strona g\u0142\u00f3wna\",\"item\":\"https:\\\/\\\/locobus.pl\\\/\"},{\"@type\":\"ListItem\",\"position\":2,\"name\":\"Przew\u00f3z paczek Polska Anglia\"}]},{\"@type\":\"WebSite\",\"@id\":\"https:\\\/\\\/locobus.pl\\\/#website\",\"url\":\"https:\\\/\\\/locobus.pl\\\/\",\"name\":\"LOCOBUS MI\u0118DZYNARODOWE PRZEWOZY PASA\u017bERSKIE\",\"description\":\"\",\"potentialAction\":[{\"@type\":\"SearchAction\",\"target\":{\"@type\":\"EntryPoint\",\"urlTemplate\":\"https:\\\/\\\/locobus.pl\\\/?s={search_term_string}\"},\"query-input\":{\"@type\":\"PropertyValueSpecification\",\"valueRequired\":true,\"valueName\":\"search_term_string\"}}],\"inLanguage\":\"pl-PL\"}]}<\/script>\n<!-- \/ Yoast SEO plugin. -->","yoast_head_json":{"title":"Przew\u00f3z paczek Polska Anglia - LOCOBUS MI\u0118DZYNARODOWE PRZEWOZY PASA\u017bERSKIE","robots":{"index":"index","follow":"follow","max-snippet":"max-snippet:-1","max-image-preview":"max-image-preview:large","max-video-preview":"max-video-preview:-1"},"canonical":"https:\/\/locobus.pl\/?page_id=79","og_locale":"pl_PL","og_type":"article","og_title":"Przew\u00f3z paczek Polska Anglia - LOCOBUS MI\u0118DZYNARODOWE PRZEWOZY PASA\u017bERSKIE","og_description":"Przew\u00f3z paczek Polska Anglia Je\u015bli potrzebujesz przewie\u017a\u0107 paczki z Polski do Anglii, to trafili\u015bcie na w\u0142a\u015bciw\u0105 stron\u0119! Nasza firma oferuje kompleksowe us\u0142ugi transportowe, w tym przew\u00f3z paczek z Polski do Anglii. Dzi\u0119ki naszym do\u015bwiadczonym kierowcom oraz nowoczesnym pojazdom, mo\u017cemy zapewni\u0107 szybki, bezpieczny i terminowy transport Twoich przesy\u0142ek. Przew\u00f3z paczek Polska Anglia &#8211; dlaczego warto skorzysta\u0107 [&hellip;]","og_url":"https:\/\/locobus.pl\/?page_id=79","og_site_name":"LOCOBUS MI\u0118DZYNARODOWE PRZEWOZY PASA\u017bERSKIE","article_modified_time":"2023-04-12T09:28:35+00:00","og_image":[{"url":"https:\/\/elementor.studiomicroads.pl\/wp-content\/uploads\/2023\/04\/pexels-karolina-grabowska-4506249-1024x683.jpg","type":"","width":"","height":""}],"twitter_card":"summary_large_image","twitter_misc":{"Szacowany czas czytania":"4 minuty"},"schema":{"@context":"https:\/\/schema.org","@graph":[{"@type":"WebPage","@id":"https:\/\/locobus.pl\/?page_id=79","url":"https:\/\/locobus.pl\/?page_id=79","name":"Przew\u00f3z paczek Polska Anglia - LOCOBUS MI\u0118DZYNARODOWE PRZEWOZY PASA\u017bERSKIE","isPartOf":{"@id":"https:\/\/locobus.pl\/#website"},"primaryImageOfPage":{"@id":"https:\/\/locobus.pl\/?page_id=79#primaryimage"},"image":{"@id":"https:\/\/locobus.pl\/?page_id=79#primaryimage"},"thumbnailUrl":"https:\/\/elementor.studiomicroads.pl\/wp-content\/uploads\/2023\/04\/pexels-karolina-grabowska-4506249-1024x683.jpg","datePublished":"2023-04-11T11:08:38+00:00","dateModified":"2023-04-12T09:28:35+00:00","breadcrumb":{"@id":"https:\/\/locobus.pl\/?page_id=79#breadcrumb"},"inLanguage":"pl-PL","potentialAction":[{"@type":"ReadAction","target":["https:\/\/locobus.pl\/?page_id=79"]}]},{"@type":"ImageObject","inLanguage":"pl-PL","@id":"https:\/\/locobus.pl\/?page_id=79#primaryimage","url":"https:\/\/elementor.studiomicroads.pl\/wp-content\/uploads\/2023\/04\/pexels-karolina-grabowska-4506249-1024x683.jpg","contentUrl":"https:\/\/elementor.studiomicroads.pl\/wp-content\/uploads\/2023\/04\/pexels-karolina-grabowska-4506249-1024x683.jpg"},{"@type":"BreadcrumbList","@id":"https:\/\/locobus.pl\/?page_id=79#breadcrumb","itemListElement":[{"@type":"ListItem","position":1,"name":"Strona g\u0142\u00f3wna","item":"https:\/\/locobus.pl\/"},{"@type":"ListItem","position":2,"name":"Przew\u00f3z paczek Polska Anglia"}]},{"@type":"WebSite","@id":"https:\/\/locobus.pl\/#website","url":"https:\/\/locobus.pl\/","name":"LOCOBUS MI\u0118DZYNARODOWE PRZEWOZY PASA\u017bERSKIE","description":"","potentialAction":[{"@type":"SearchAction","target":{"@type":"EntryPoint","urlTemplate":"https:\/\/locobus.pl\/?s={search_term_string}"},"query-input":{"@type":"PropertyValueSpecification","valueRequired":true,"valueName":"search_term_string"}}],"inLanguage":"pl-PL"}]}},"_links":{"self":[{"href":"https:\/\/locobus.pl\/index.php?rest_route=\/wp\/v2\/pages\/79","targetHints":{"allow":["GET"]}}],"collection":[{"href":"https:\/\/locobus.pl\/index.php?rest_route=\/wp\/v2\/pages"}],"about":[{"href":"https:\/\/locobus.pl\/index.php?rest_route=\/wp\/v2\/types\/page"}],"author":[{"embeddable":true,"href":"https:\/\/locobus.pl\/index.php?rest_route=\/wp\/v2\/users\/1"}],"replies":[{"embeddable":true,"href":"https:\/\/locobus.pl\/index.php?rest_route=%2Fwp%2Fv2%2Fcomments&post=79"}],"version-history":[{"count":10,"href":"https:\/\/locobus.pl\/index.php?rest_route=\/wp\/v2\/pages\/79\/revisions"}],"predecessor-version":[{"id":205,"href":"https:\/\/locobus.pl\/index.php?rest_route=\/wp\/v2\/pages\/79\/revisions\/205"}],"wp:attachment":[{"href":"https:\/\/locobus.pl\/index.php?rest_route=%2Fwp%2Fv2%2Fmedia&parent=79"}],"curies":[{"name":"wp","href":"https:\/\/api.w.org\/{rel}","templated":true}]}}